
-bcdcdd
In base 12, what is 15 + -531494?
-53147b
In base 3, what is 2 - -2121110201122011?
2121110201122020
In base 10, what is -19531250 - -1?
-19531249
In base 6, what is 522 - -5024340?
5025302
In base 13, what is -2b9 - -989a2c?
989743
In base 15, what is 5 - e59ba8?
-e59ba3
In base 15, what is -e881 + 1083?
-d7ed
In base 8, what is 13752 + -1443?
12307
In base 14, what is -3 - 1457a4ac?
-1457a4b1
In base 15, what is -331d1 - 95?
-33276
In base 9, what is -45605 - 131?
-45736
In base 2, what is -11011101101101111 + -11111010?
-11011110001101001
In base 2, what is 11000011010100011 - -100101?
11000011011001000
In base 6, what is -5315 - 402?
-10121
In base 7, what is 156 + 4643420?
4643606
In base 6, what is 100 + 1144321?
1144421
In base 5, what is -101 - 120400400?
-120401001
In base 9, what is -1 - 716076266?
-716076267
In base 5, what is 344420014 - 1?
344420013
In base 2, what is -100110110101000010100 - -1101?
-100110110101000000111
In base 12, what is -66339 + 2b?
-6630a
In base 15, what is b1 + 17d334?
17d3e5
In base 5, what is 1 - -4313033104?
4313033110
In base 3, what is -1 + -220100120222001?
-220100120222002
In base 8, what is -27 + 13201263?
13201234
In base 2, what is -10100111001100001000110101 - 100?
-10100111001100001000111001
In base 9, what is 1220 - 500782?
-488562
In base 4, what is -11 + 2122122120000?
2122122113323
In base 7, what is -24 - -606132605?
606132551
In base 12, what is -2384 + 3b4?
-1b90
In base 8, what is -6543664 + -4?
-6543670
In base 13, what is -6c7c66 - 6?
-6c7c6c
In base 12, what is 59144 + -39?
59107
In base 6, what is -100 + -4202422?
-4202522
In base 16, what is -1 - -2a7aec9?
2a7aec8
In base 11, what is 44 + -a3438a7?
-a343863
In base 12, what is 5 - 360306b1?
-360306a8
In base 5, what is -2211 + 442204?
434443
In base 16, what is 1c7f2d9 + -2?
1c7f2d7
In base 4, what is 20 + -321122312111?
-321122312031
In base 5, what is 4 + -10413030233?
-10413030224
In base 4, what is 2 - -21220122322?
21220122330
In base 14, what is -2 - 202113b9?
-202113bb
In base 2, what is -11100101101011111100 - 100?
-11100101101100000000
In base 15, what is -4 + -5ea911?
-5ea915
In base 4, what is -33 - 2301221110?
-2301221203
In base 10, what is 69342 + -133?
69209
In base 4, what is -32333 + -3210121?
-3303120
In base 8, what is 0 + -113444104?
-113444104
In base 3, what is -121001022100101 + 12?
-121001022100012
In base 3, what is -11 - -21102001201001220?
21102001201001202
In base 13, what is -1513 + bc82?
a76c
In base 11, what is -3 - -62081a3?
62081a0
In base 6, what is 2524304 - -5431?
2534135
In base 5, what is 20302 + -2143422?
-2123120
In base 10, what is 1 + 10041102?
10041103
In base 15, what is 10 - -c1cbd?
c1ccd
In base 16, what is -d86bd2 + -1e?
-d86bf0
In base 3, what is -1022012000011011 - -10?
-1022012000011001
In base 11, what is 0 - 28a2581?
-28a2581
In base 12, what is -1210a95 - -13?
-1210a82
In base 8, what is -365 + 20250?
17663
In base 3, what is 111101 + 1200111220?
1201000021
In base 3, what is -10012121 - 2202101202?
-2212121100
In base 8, what is -221511420 - 5?
-221511425
In base 12, what is 47 - -97b71a4?
97b722b
In base 13, what is 1 - -3212845?
3212846
In base 12, what is -9 + 25563967?
2556395a
In base 6, what is -1244144054 + 20?
-1244144034
In base 4, what is -1133302320211 + -20?
-1133302320231
In base 11, what is -a555829 + 4?
-a555825
In base 15, what is -126a6 + 93c?
-11c69
In base 16, what is -be7966 - 5?
-be796b
In base 10, what is 7831 + 42796?
50627
In base 7, what is 161000 + 414?
161414
In base 3, what is -2201101210 + -11122?
-2201120102
In base 3, what is -21000 - 2102120221?
-2102211221
In base 8, what is -10 + -76065306?
-76065316
In base 4, what is -1202 - 30003102121?
-30003103323
In base 14, what is 1539a049 - 0?
1539a049
In base 16, what is -4c865 + 9?
-4c85c
In base 8, what is 62224767 + 5?
62224774
In base 6, what is 132311 - 55441?
32430
In base 14, what is -788 + -856?
-1200
In base 3, what is -122200002011112 - -2?
-122200002011110
In base 12, what is 2a4 - 124aaa?
-124806
In base 8, what is -6120 + 25155?
17035
In base 8, what is -34164205 - -3?
-34164202
In base 12, what is 5 + 356468b4?
356468b9
In base 5, what is 2 - -31343133232?
31343133234
In base 9, what is -311 + -30531?
-30842
In base 4, what is -1312222 - 212031?
-2130313
In base 4, what is -13 + -20322011033231?
-20322011033310
In base 3, what is 20 + 121210210011012?
121210210011102
In base 13, what is 175 - 11009?
-10b64
In base 11, what is -89741 - -1032?
-8870a
In base 13, what is 2565 - 4b1?
2084
In base 2, what is 100110100000010100111111 - 0?
100110100000010100111111
In base 12, what is 4b703bb8 + -2?
4b703bb6
In base 15, what is 400 - 2a570?
-2a170
In base 3, what is -2122 + -20221011111?
-20221021010
In base 3, what is 22 - -2221222221122202?
2221222221200001
In base 11, what is -96 + -269853?
-269939
In base 6, what is 3353403 - 111?
3353252
In base 8, what is 0 - 75324206?
-75324206
In base 10, what is 3456 - 5483?
-2027
In base 10, what is -35 + -55830923?
-55830958
In base 13, what is -4 - 1011b3c?
-1011b43
In base 6, what is 144104 - -130005?
314113
In base 7, what is 3641450540 - -2?
3641450542
In base 4, what is -11 + -2322231103121?
-2322231103132
In base 6, what is 200211 + 103413?
304024
In base 7, what is -40433 - -4200?
-33233
In base 9, what is 27 - 1728672?
-1728644
In base 13, what is 323 + -c9b1?
-c68b
In base 7, what is 0 + -2535334365?
-2535334365
In base 9, what is 46 - -1386147?
1386204
In base 11, what is 2 + a3493?
a3495
In base 6, what is 2340134511 - -2?
2340134513
In base 3, what is -1211002222212110 + -20?
-1211002222212200
In base 4, what is -30100230031311 - -3?
-30100230031302
In base 11, what is 38502 - a60?
37552
In base 2, what is 1001001000011001100 - -10001?
1001001000011011101
In base 8, what is 7071 + 15455?
24546
In base 14, what is 139522 + -8?
139518
In base 12, what is -b + 1425a09?
14259ba
In base 10, what is 234 - -42214?
42448
In base 5, what is 113313 + 233342?
402210
In base 7, what is 10 + -103014?
-103004
In base 6, what is 15 + 1214354005?
1214354024
In base 15, what is -1aa - -3830?
3675
In base 15, what is 10a - 1d1d3?
-1d0c8
In base 5, what is 1213040321 + -2?
1213040314
In base 4, what is 1 - 23302331231?
-23302331230
In base 12, what is 6226707 + 0?
6226707
In base 5, what is 12 - -142202232333?
142202232400
In base 15, what is 1938723 + -1?
1938722
In base 15, what is 5 + 4ac106?
4ac10b
In base 15, what is -2622 - b8a?
-32ac
In base 7, what is -111 + 4360024?
4356613
In base 13, what is -83b3c121 - -3?
-83b3c11b
In base 10, what is -167 - 543904?
-544071
In base 8, what is -637 - 53437?
-54276
In base 7, what is -1310600 + 425?
-1310142
In base 3, what is 1200122 - 10000121?
-1022222
In base 7, what is -155561053 - -3?
-155561050
In base 13, what is 1132b3 - -41?
113324
In base 7, what is -1 - 220504350?
-220504351
In base 5, what is -33024104100 - 1?
-33024104101
In base 3, what is 1010010201000122001 - 0?
1010010201000122001
In base 4, what is -1023123 + 12033213?
11010030
In base 15, what is -2e3 + -62ee?
-65e2
In base 3, what is 2211 - 102210221?
-102201010
In base 10, what is -18945492 + -3?
-18945495
In base 6, what is 31140445 - -2134?
31143023
In base 8, what is -1 + 1015546337?
1015546336
In base 13, what is 1bca06ba - -6?
1bca06c3
In base 15, what is -164 + -dc395?
-dc509
In base 10, what is 257 - 63729?
-63472
In base 10, what is 9963 - 65723?
-55760
In base 5, what is 33143 - 103334?
-20141
In base 2, what is -1101100010111010000000011011 - 1?
-1101100010111010000000011100
In base 6, what is 1452 + 214525?
220421
In base 12, what is -13826b + 64b?
-137820
In base 8, what is 104065 - -277?
104364
In base 13, what is 407 + -26cb?
-22c4
In base 12, what is 26 - -7a14b8?
7a1522
In base 12, what is -4 - 625b4?
-625b8
In base 9, what is 81550 + -118?
81431
In base 5, what is -204310020 - 2230?
-204312300
In base 14, what is -4a29552 + -5?
-4a29557
In base 15, what is -295 + -e3c5?
-e66a
In base 14, what is -6c0 - -36380?
35aa0
In base 12, what is 6 + -935043?
-935039
In base 9, what is 1 + 138583?
138584
In base 12, what is -11 + 10a3a496?
10a3a485
In base 14, what is -8c68b3 + 3?
-8c68b0
In base 8, what is -155542 - 6?
-15